 (base 8) to base 3
-1001011
What is 3204 (base 9) in base 13?
10c0
-60142 (base 7) to base 6
-151021
What is 143 (base 15) in base 14?
168
What is -10240 (base 5) in base 15?
-315
-113213 (base 6) to base 16
-2649
-18ba7 (base 12) to base 13
-13681
Convert 10011 (base 3) to base 9.
104
What is -65b (base 13) in base 12?
-76a
Convert 1323 (base 4) to base 13.
96
What is 10011001110101011 (base 2) in base 5?
10010023
What is -d102 (base 15) in base 13?
-170c6
-2058 (base 10) to base 7
-6000
-4254 (base 10) to base 13
-1c23
What is 121 (base 5) in base 10?
36
-111122 (base 3) to base 13
-224
What is -1618 (base 9) in base 6?
-5412
Convert 150301 (base 6) to base 10.
14365
Convert 2025 (base 10) to base 13.
bca
Convert -32355 (base 10) to base 3.
-1122101100
Convert -8687 (base 9) to base 10.
-6397
1001000000100 (base 2) to base 6
33204
What is -49 (base 15) in base 3?
-2120
Convert -524 (base 9) to base 13.
-26b
-3980 (base 16) to base 13
-6914
What is -411 (base 13) in base 9?
-846
10853 (base 11) to base 5
1000132
What is -23143 (base 6) in base 3?
-11112100
What is -100110001010 (base 2) in base 9?
-3313
-f96 (base 16) to base 14
-1650
-615 (base 9) to base 13
-2c6
-7782 (base 9) to base 13
-27cb
What is 13005 (base 8) in base 16?
1605
What is -75fa (base 16) in base 15?
-8e37
What is -110103 (base 5) in base 8?
-7302
Convert 310100 (base 4) to base 14.
130c
What is 222102 (base 3) in base 14?
38d
Convert 21a (base 15) to base 14.
25d
What is 1176 (base 13) in base 7?
10116
225226 (base 7) to base 5
2241444
What is -100000100111 (base 2) in base 11?
-1628
-24578 (base 9) to base 7
-66101
What is 3107 (base 14) in base 13?
3abb
What is 4124 (base 5) in base 2?
1000011011
Convert -12012 (base 4) to base 7.
-1065
What is 2248 (base 9) in base 14?
86c
What is -510 (base 14) in base 10?
-994
What is 19880 (base 10) in base 16?
4da8
Convert -20274 (base 9) to base 6.
-141451
-313 (base 8) to base 4
-3023
What is -2011002 (base 4) in base 7?
-33552
What is 4a1 (base 16) in base 14?
609
What is 8052 (base 12) in base 14?
50bc
What is a24 (base 14) in base 3?
2201210
Convert -101101010 (base 2) to base 14.
-1bc
48e (base 15) to base 14
53c
What is 40443 (base 8) in base 12?
9797
What is 4232 (base 9) in base 4?
300203
Convert -1023 (base 13) to base 14.
-b50
What is 7012 (base 11) in base 16?
2472
Convert -485 (base 15) to base 7.
-2663
Convert 6274 (base 9) to base 7.
16264
What is -340 (base 7) in base 6?
-451
What is 10 (base 5) in base 13?
5
Convert 47 (base 8) to base 15.
29
-a6 (base 12) to base 8
-176
What is 4bd (base 15) in base 14?
570
What is 10000100100100 (base 2) in base 11?
6413
What is 14844 (base 12) in base 14?
a72c
What is -7f (base 16) in base 15?
-87
70 (base 13) to base 8
133
Convert 3b72 (base 13) to base 12.
4b3b
What is 1242 (base 5) in base 15?
d2
Convert 143445 (base 6) to base 13.
6371
Convert -5b8a (base 12) to base 15.
-30da
Convert 462a (base 11) to base 6.
44054
Convert -4325 (base 6) to base 8.
-1735
Convert -4263 (base 7) to base 4.
-113223
What is -a9c (base 16) in base 4?
-222130
351 (base 7) to base 15
c3
What is 10685 (base 14) in base 8?
115435
117 (base 15) to base 8
367
-1130420 (base 5) to base 6
-235555
What is -62858 (base 9) in base 8?
-121065
Convert 12012 (base 4) to base 13.
240
What is -34a (base 14) in base 6?
-3010
Convert -3705 (base 9) to base 8.
-5307
-101011100000100 (base 2) to base 6
-251044
What is -8bd3 (base 15) in base 6?
-345213
What is -26 (base 16) in base 8?
-46
-14554 (base 10) to base 7
-60301
What is -b (base 15) in base 13?
-b
-22313300 (base 4) to base 6
-542052
What is 110300 (base 4) in base 14?
6ac
What is -1850 (base 10) in base 16?
-73a
323 (base 11) to base 5
3023
What is 20302 (base 4) in base 7?
1432
Convert -662 (base 7) to base 11.
-288
1100 (base 4) to base 11
73
34031 (base 5) to base 4
211113
2 (base 5) to base 6
2
Convert -471 (base 9) to base 6.
-1444
Convert 879 (base 13) to base 6.
10420
What is -14047 (base 9) in base 14?
-3680
What is -342 (base 11) in base 6?
-1521
10011000101101 (base 2) to base 9
14358
Convert 64c (base 15) to base 14.
738
What is -530101 (base 6) in base 15?
-ca3a
111010000000 (base 2) to base 8
7200
Convert 25 (base 8) to base 7.
30
What is -3414 (base 6) in base 16?
-322
What is 60830 (base 9) in base 5?
2240131
-22200010 (base 3) to base 7
-24300
2e8 (base 16) to base 8
1350
Convert -13652 (base 7) to base 2.
-111010110001
216343 (base 7) to base 11
26814
What is 143 (base 12) in base 7?
366
What is b (base 16) in base 10?
11
What is -40150 (base 6) in base 14?
-1cb0
What is 1455 (base 10) in base 15?
670
Convert -2b5e (base 15) to base 9.
-13688
Convert -11001001110001 (base 2) to base 9.
-18637
Convert 20210 (base 4) to base 9.
668
Convert -3749 (base 11) to base 13.
-22c5
What is -4490 (base 10) in base 16?
-118a
-3332 (base 6) to base 5
-11101
What is 11010101111111 (base 2) in base 7?
54633
What is -2a75 (base 11) in base 3?
-12102110
What is -1b2 (base 12) in base 7?
-545
What is -114221 (base 5) in base 9?
-5820
What is 2246 (base 13) in base 11?
3665
What is -13439 (base 11) in base 15?
-5a25
What is 101101110 (base 2) in base 7?
1032
What is -8c3 (base 16) in base 9?
-3062
-102422 (base 7) to base 14
-6649
-b119 (base 12) to base 16
-4ae5
Convert -166655 (base 7) to base 12.
-17545
Convert 104357 (base 9) to base 11.
42860
-24874 (base 9) to base 12
-9841
Convert -527 (base 9) to base 4.
-12232
Convert -331230 (base 4) to base 11.
-2a6a
What is -14414 (base 10) in base 8?
-34116
11128 (base 13) to base 9
46421
Convert 542 (base 16) to base 6.
10122
Convert -221031 (base 6) to base 8.
-43713
What is -635 (base 16) in base 11?
-1215
What is 421 (base 10) in base 7?
1141
What is 236b (base 14) in base 9?
8416
Convert -607 (base 12) to base 11.
-722
Convert 100032213 (base 4) to base 11.
45a39
-10011000101101 (base 2) to base 6
-113125
3724 (base 8) to base 7
5562
-13314 (base 11) to base 16
-4a44
Convert -25940 (base 10) to base 3.
-1022120202
What is -1db6 (base 14) in base 3?
-21110221
24544 (base 6) to base 7
13453
What is -22200010 (base 3) in base 16?
-18b1
Convert -1985 (base 11) to base 16.
-9d1
1650 (base 7) to base 2
1010100000
What is 10000101001 (base 2) in base 12?
749
What is 1c5 (base 16) in base 13?
28b
Convert -2108 (base 14) to base 4.
-1120330
What is 10b71 (base 14) in base 8?
117337
What is 3102 (base 9) in base 12?
1392
1224 (base 5) to base 12
139
What is -102222101 (base 3) in base 11?
-6618
What is -439 (base 10) in base 9?
-537
-11362 (base 7) to base 11
-2229
Convert 97 (base 10) to base 12.
81
-50b7 (base 16) to base 15
-61c8
-13890 (base 10) to base 13
-6426
Convert -4002 (base 5) to base 11.
-417
Convert -1020111002 (base 3) to base 2.
-101111101011010
-1030144 (base 5) to base 6
-213125
Convert -222021222 (base 3) to base 11.
-13447
Convert 2002011 (base 4) to base 12.
4999
Convert 232210 (base 5) to base 11.
6374
-2689 (base 10) to base 2
-101010000001
What is 230223 (base 4) in base 15?
ca9
Convert 2747 (base 11) to base 16.
de8
-2ac4 (base 15) to base 4
-2033200
340 (base 5) to base 13
74
Convert 496 (base 16) to base 12.
81a
-12a7 (base 12) to base 5
-32033
Convert 11101000011101 (base 2) to base 16.
3a1d
What is 14396 (base 12) in base 4?
12320202
Convert 40049 (base 10) to base 5.
2240144
What is 1124 (base 8) in base 4?
21110
What is 144023 (base 5) in base 14?
2346
Convert 38331 (base 9) to base 14.
957c
Convert 994 (base 12) to base 3.
1221011
Convert -17325 (base 11) to base 4.
-11330130
What is a147 (base 11) in base 14?
4cb0
Convert 110031 (base 4) to base 5.
20133
Convert -313225 (base 6) to base 5.
-1302421
Convert aa7 (base 11) to base 3.
1211011
Convert 14002 (base 5) to base 12.
79b
What is 40717 (base 11) in base 12?
2a485
Convert -11342 (base 5) to base 10.
-847
51513 (base 8) to base 3
1002020202
What is 16a5b (base 12) in base 14?
bc59
1333 (base 5) to base 8
332
What is 30 (base 16) in base 15?
33
Convert -1313311 (base 4) to base 2.
-1110111110101
-100011 (base 3) to base 6
-1051
Convert 605 (base 7) to base 10.
299
Convert 109d (base 14) to base 6.
21203
Convert 120201 (base 3) to base 16.
1a8
-10010110110 (base 2) to base 6
-5330
What is 100100010001111 (base 2) in base 6?
22